{"id":7218,"date":"2023-09-28T20:36:06","date_gmt":"2023-09-28T20:36:06","guid":{"rendered":"https:\/\/smartdent.cl\/smartclick\/?post_type=product&#038;p=7218"},"modified":"2024-10-07T22:00:27","modified_gmt":"2024-10-07T22:00:27","slug":"pack-prevencion-ninos","status":"publish","type":"product","link":"https:\/\/smartdent.cl\/smartclick\/product\/pack-prevencion-ninos\/","title":{"rendered":"Pack Prevenci\u00f3n Ni\u00f1os"},"content":{"rendered":"","protected":false},"excerpt":{"rendered":"<p>Incluye: Diagn\u00f3stico, Limpieza, Sellante (4 piezas) y Fluoraci\u00f3n.<br \/>\nNo incluye: Radiograf\u00edas ni tratamientos adicionales.<br \/>\n*Sujeto a diagn\u00f3stico.<br \/>\n*No acumulable con otras promociones.<\/p>\n<p>El plan promocional est\u00e1 planificado en a lo menos 2 sesiones de 20 minutos cada una. La primera sesi\u00f3n ser\u00e1 de diagn\u00f3stico completo, el cirujano podr\u00eda necesitar radiograf\u00edas (no incluidas en esta compra) para completar el diagn\u00f3stico. La segunda sesi\u00f3n (Limpieza, fluoraci\u00f3n y sellantes) podr\u00edan o NO ser el mismo d\u00eda, dependiendo de la disponibilidad de agenda de los especialistas.<\/p>\n","protected":false},"featured_media":7219,"comment_status":"closed","ping_status":"closed","template":"","meta":[],"product_brand":[],"product_cat":[16],"product_tag":[],"class_list":{"0":"post-7218","1":"product","2":"type-product","3":"status-publish","4":"has-post-thumbnail","6":"product_cat-sin-categoria","8":"first","9":"instock","10":"virtual","11":"purchasable","12":"product-type-simple"},"yoast_head":"<!-- This site is optimized with the Yoast SEO plugin v25.4 - https:\/\/yoast.com\/wordpress\/plugins\/seo\/ -->\n<title>Pack Prevenci\u00f3n Ni\u00f1os - Smartclick<\/title>\n<meta name=\"robots\" content=\"index, follow, max-snippet:-1, max-image-preview:large, max-video-preview:-1\" \/>\n<link rel=\"canonical\" href=\"https:\/\/smartdent.cl\/smartclick\/product\/pack-prevencion-ninos\/\" \/>\n<meta property=\"og:locale\" content=\"es_ES\" \/>\n<meta property=\"og:type\" content=\"article\" \/>\n<meta property=\"og:title\" content=\"Pack Prevenci\u00f3n Ni\u00f1os - Smartclick\" \/>\n<meta property=\"og:description\" content=\"Incluye: Diagn\u00f3stico, Limpieza, Sellante (4 piezas) y Fluoraci\u00f3n. No incluye: Radiograf\u00edas ni tratamientos adicionales. *Sujeto a diagn\u00f3stico. *No acumulable con otras promociones.  El plan promocional est\u00e1 planificado en a lo menos 2 sesiones de 20 minutos cada una. La primera sesi\u00f3n ser\u00e1 de diagn\u00f3stico completo, el cirujano podr\u00eda necesitar radiograf\u00edas (no incluidas en esta compra) para completar el diagn\u00f3stico. La segunda sesi\u00f3n (Limpieza, fluoraci\u00f3n y sellantes) podr\u00edan o NO ser el mismo d\u00eda, dependiendo de la disponibilidad de agenda de los especialistas.\" \/>\n<meta property=\"og:url\" content=\"https:\/\/smartdent.cl\/smartclick\/product\/pack-prevencion-ninos\/\" \/>\n<meta property=\"og:site_name\" content=\"Smartclick\" \/>\n<meta property=\"article:publisher\" content=\"https:\/\/www.facebook.com\/ClinicaSmartDent\/\" \/>\n<meta property=\"article:modified_time\" content=\"2024-10-07T22:00:27+00:00\" \/>\n<meta property=\"og:image\" content=\"https:\/\/smartdent.cl\/smartclick\/wp-content\/uploads\/2024\/10\/prevencion_abril.png\" \/>\n\t<meta property=\"og:image:width\" content=\"628\" \/>\n\t<meta property=\"og:image:height\" content=\"601\" \/>\n\t<meta property=\"og:image:type\" content=\"image\/png\" \/>\n<meta name=\"twitter:card\" content=\"summary_large_image\" \/>\n<script type=\"application\/ld+json\" class=\"yoast-schema-graph\">{\"@context\":\"https:\/\/schema.org\",\"@graph\":[{\"@type\":\"WebPage\",\"@id\":\"https:\/\/smartdent.cl\/smartclick\/product\/pack-prevencion-ninos\/\",\"url\":\"https:\/\/smartdent.cl\/smartclick\/product\/pack-prevencion-ninos\/\",\"name\":\"Pack Prevenci\u00f3n Ni\u00f1os - Smartclick\",\"isPartOf\":{\"@id\":\"https:\/\/smartdent.cl\/smartclick\/#website\"},\"primaryImageOfPage\":{\"@id\":\"https:\/\/smartdent.cl\/smartclick\/product\/pack-prevencion-ninos\/#primaryimage\"},\"image\":{\"@id\":\"https:\/\/smartdent.cl\/smartclick\/product\/pack-prevencion-ninos\/#primaryimage\"},\"thumbnailUrl\":\"https:\/\/smartdent.cl\/smartclick\/wp-content\/uploads\/2024\/10\/prevencion_abril.png\",\"datePublished\":\"2023-09-28T20:36:06+00:00\",\"dateModified\":\"2024-10-07T22:00:27+00:00\",\"breadcrumb\":{\"@id\":\"https:\/\/smartdent.cl\/smartclick\/product\/pack-prevencion-ninos\/#breadcrumb\"},\"inLanguage\":\"es-CL\",\"potentialAction\":[{\"@type\":\"ReadAction\",\"target\":[\"https:\/\/smartdent.cl\/smartclick\/product\/pack-prevencion-ninos\/\"]}]},{\"@type\":\"ImageObject\",\"inLanguage\":\"es-CL\",\"@id\":\"https:\/\/smartdent.cl\/smartclick\/product\/pack-prevencion-ninos\/#primaryimage\",\"url\":\"https:\/\/smartdent.cl\/smartclick\/wp-content\/uploads\/2024\/10\/prevencion_abril.png\",\"contentUrl\":\"https:\/\/smartdent.cl\/smartclick\/wp-content\/uploads\/2024\/10\/prevencion_abril.png\",\"width\":628,\"height\":601},{\"@type\":\"BreadcrumbList\",\"@id\":\"https:\/\/smartdent.cl\/smartclick\/product\/pack-prevencion-ninos\/#breadcrumb\",\"itemListElement\":[{\"@type\":\"ListItem\",\"position\":1,\"name\":\"Portada\",\"item\":\"https:\/\/smartdent.cl\/smartclick\/\"},{\"@type\":\"ListItem\",\"position\":2,\"name\":\"Shop\",\"item\":\"https:\/\/smartdent.cl\/smartclick\/shop\/\"},{\"@type\":\"ListItem\",\"position\":3,\"name\":\"Pack Prevenci\u00f3n Ni\u00f1os\"}]},{\"@type\":\"WebSite\",\"@id\":\"https:\/\/smartdent.cl\/smartclick\/#website\",\"url\":\"https:\/\/smartdent.cl\/smartclick\/\",\"name\":\"Smartclick\",\"description\":\"Cuidando tu sonrisa\",\"publisher\":{\"@id\":\"https:\/\/smartdent.cl\/smartclick\/#organization\"},\"potentialAction\":[{\"@type\":\"SearchAction\",\"target\":{\"@type\":\"EntryPoint\",\"urlTemplate\":\"https:\/\/smartdent.cl\/smartclick\/?s={search_term_string}\"},\"query-input\":{\"@type\":\"PropertyValueSpecification\",\"valueRequired\":true,\"valueName\":\"search_term_string\"}}],\"inLanguage\":\"es-CL\"},{\"@type\":\"Organization\",\"@id\":\"https:\/\/smartdent.cl\/smartclick\/#organization\",\"name\":\"Smartclick\",\"url\":\"https:\/\/smartdent.cl\/smartclick\/\",\"logo\":{\"@type\":\"ImageObject\",\"inLanguage\":\"es-CL\",\"@id\":\"https:\/\/smartdent.cl\/smartclick\/#\/schema\/logo\/image\/\",\"url\":\"https:\/\/smartdent.cl\/smartclick\/wp-content\/uploads\/2024\/10\/logo-1.png\",\"contentUrl\":\"https:\/\/smartdent.cl\/smartclick\/wp-content\/uploads\/2024\/10\/logo-1.png\",\"width\":350,\"height\":74,\"caption\":\"Smartclick\"},\"image\":{\"@id\":\"https:\/\/smartdent.cl\/smartclick\/#\/schema\/logo\/image\/\"},\"sameAs\":[\"https:\/\/www.facebook.com\/ClinicaSmartDent\/\"]}]}<\/script>\n<!-- \/ Yoast SEO plugin. -->","yoast_head_json":{"title":"Pack Prevenci\u00f3n Ni\u00f1os - Smartclick","robots":{"index":"index","follow":"follow","max-snippet":"max-snippet:-1","max-image-preview":"max-image-preview:large","max-video-preview":"max-video-preview:-1"},"canonical":"https:\/\/smartdent.cl\/smartclick\/product\/pack-prevencion-ninos\/","og_locale":"es_ES","og_type":"article","og_title":"Pack Prevenci\u00f3n Ni\u00f1os - Smartclick","og_description":"Incluye: Diagn\u00f3stico, Limpieza, Sellante (4 piezas) y Fluoraci\u00f3n. No incluye: Radiograf\u00edas ni tratamientos adicionales. *Sujeto a diagn\u00f3stico. *No acumulable con otras promociones.  El plan promocional est\u00e1 planificado en a lo menos 2 sesiones de 20 minutos cada una. La primera sesi\u00f3n ser\u00e1 de diagn\u00f3stico completo, el cirujano podr\u00eda necesitar radiograf\u00edas (no incluidas en esta compra) para completar el diagn\u00f3stico. La segunda sesi\u00f3n (Limpieza, fluoraci\u00f3n y sellantes) podr\u00edan o NO ser el mismo d\u00eda, dependiendo de la disponibilidad de agenda de los especialistas.","og_url":"https:\/\/smartdent.cl\/smartclick\/product\/pack-prevencion-ninos\/","og_site_name":"Smartclick","article_publisher":"https:\/\/www.facebook.com\/ClinicaSmartDent\/","article_modified_time":"2024-10-07T22:00:27+00:00","og_image":[{"width":628,"height":601,"url":"https:\/\/smartdent.cl\/smartclick\/wp-content\/uploads\/2024\/10\/prevencion_abril.png","type":"image\/png"}],"twitter_card":"summary_large_image","schema":{"@context":"https:\/\/schema.org","@graph":[{"@type":"WebPage","@id":"https:\/\/smartdent.cl\/smartclick\/product\/pack-prevencion-ninos\/","url":"https:\/\/smartdent.cl\/smartclick\/product\/pack-prevencion-ninos\/","name":"Pack Prevenci\u00f3n Ni\u00f1os - Smartclick","isPartOf":{"@id":"https:\/\/smartdent.cl\/smartclick\/#website"},"primaryImageOfPage":{"@id":"https:\/\/smartdent.cl\/smartclick\/product\/pack-prevencion-ninos\/#primaryimage"},"image":{"@id":"https:\/\/smartdent.cl\/smartclick\/product\/pack-prevencion-ninos\/#primaryimage"},"thumbnailUrl":"https:\/\/smartdent.cl\/smartclick\/wp-content\/uploads\/2024\/10\/prevencion_abril.png","datePublished":"2023-09-28T20:36:06+00:00","dateModified":"2024-10-07T22:00:27+00:00","breadcrumb":{"@id":"https:\/\/smartdent.cl\/smartclick\/product\/pack-prevencion-ninos\/#breadcrumb"},"inLanguage":"es-CL","potentialAction":[{"@type":"ReadAction","target":["https:\/\/smartdent.cl\/smartclick\/product\/pack-prevencion-ninos\/"]}]},{"@type":"ImageObject","inLanguage":"es-CL","@id":"https:\/\/smartdent.cl\/smartclick\/product\/pack-prevencion-ninos\/#primaryimage","url":"https:\/\/smartdent.cl\/smartclick\/wp-content\/uploads\/2024\/10\/prevencion_abril.png","contentUrl":"https:\/\/smartdent.cl\/smartclick\/wp-content\/uploads\/2024\/10\/prevencion_abril.png","width":628,"height":601},{"@type":"BreadcrumbList","@id":"https:\/\/smartdent.cl\/smartclick\/product\/pack-prevencion-ninos\/#breadcrumb","itemListElement":[{"@type":"ListItem","position":1,"name":"Portada","item":"https:\/\/smartdent.cl\/smartclick\/"},{"@type":"ListItem","position":2,"name":"Shop","item":"https:\/\/smartdent.cl\/smartclick\/shop\/"},{"@type":"ListItem","position":3,"name":"Pack Prevenci\u00f3n Ni\u00f1os"}]},{"@type":"WebSite","@id":"https:\/\/smartdent.cl\/smartclick\/#website","url":"https:\/\/smartdent.cl\/smartclick\/","name":"Smartclick","description":"Cuidando tu sonrisa","publisher":{"@id":"https:\/\/smartdent.cl\/smartclick\/#organization"},"potentialAction":[{"@type":"SearchAction","target":{"@type":"EntryPoint","urlTemplate":"https:\/\/smartdent.cl\/smartclick\/?s={search_term_string}"},"query-input":{"@type":"PropertyValueSpecification","valueRequired":true,"valueName":"search_term_string"}}],"inLanguage":"es-CL"},{"@type":"Organization","@id":"https:\/\/smartdent.cl\/smartclick\/#organization","name":"Smartclick","url":"https:\/\/smartdent.cl\/smartclick\/","logo":{"@type":"ImageObject","inLanguage":"es-CL","@id":"https:\/\/smartdent.cl\/smartclick\/#\/schema\/logo\/image\/","url":"https:\/\/smartdent.cl\/smartclick\/wp-content\/uploads\/2024\/10\/logo-1.png","contentUrl":"https:\/\/smartdent.cl\/smartclick\/wp-content\/uploads\/2024\/10\/logo-1.png","width":350,"height":74,"caption":"Smartclick"},"image":{"@id":"https:\/\/smartdent.cl\/smartclick\/#\/schema\/logo\/image\/"},"sameAs":["https:\/\/www.facebook.com\/ClinicaSmartDent\/"]}]}},"_links":{"self":[{"href":"https:\/\/smartdent.cl\/smartclick\/wp-json\/wp\/v2\/product\/7218","targetHints":{"allow":["GET"]}}],"collection":[{"href":"https:\/\/smartdent.cl\/smartclick\/wp-json\/wp\/v2\/product"}],"about":[{"href":"https:\/\/smartdent.cl\/smartclick\/wp-json\/wp\/v2\/types\/product"}],"replies":[{"embeddable":true,"href":"https:\/\/smartdent.cl\/smartclick\/wp-json\/wp\/v2\/comments?post=7218"}],"wp:featuredmedia":[{"embeddable":true,"href":"https:\/\/smartdent.cl\/smartclick\/wp-json\/wp\/v2\/media\/7219"}],"wp:attachment":[{"href":"https:\/\/smartdent.cl\/smartclick\/wp-json\/wp\/v2\/media?parent=7218"}],"wp:term":[{"taxonomy":"product_brand","embeddable":true,"href":"https:\/\/smartdent.cl\/smartclick\/wp-json\/wp\/v2\/product_brand?post=7218"},{"taxonomy":"product_cat","embeddable":true,"href":"https:\/\/smartdent.cl\/smartclick\/wp-json\/wp\/v2\/product_cat?post=7218"},{"taxonomy":"product_tag","embeddable":true,"href":"https:\/\/smartdent.cl\/smartclick\/wp-json\/wp\/v2\/product_tag?post=7218"}],"curies":[{"name":"wp","href":"https:\/\/api.w.org\/{rel}","templated":true}]}}